{"id":347,"date":"2024-01-29T20:15:25","date_gmt":"2024-01-29T20:15:25","guid":{"rendered":"https:\/\/dev.rohse-vm.de\/?page_id=347"},"modified":"2025-01-08T13:07:55","modified_gmt":"2025-01-08T13:07:55","slug":"impressum","status":"publish","type":"page","link":"https:\/\/dev.rohse-vm.de\/?page_id=347","title":{"rendered":"Impressum"},"content":{"rendered":"\t\t<div data-elementor-type=\"wp-page\" data-elementor-id=\"347\" class=\"elementor elementor-347\" data-elementor-post-type=\"page\">\n\t\t\t\t<div class=\"elementor-element elementor-element-9fb6f80 e-flex e-con-boxed e-con e-parent\" data-id=\"9fb6f80\" data-element_type=\"container\">\n\t\t\t\t\t<div class=\"e-con-inner\">\n\t\t\t\t<div class=\"elementor-element elementor-element-68e75ab elementor-widget elementor-widget-spacer\" data-id=\"68e75ab\" data-element_type=\"widget\" data-widget_type=\"spacer.default\">\n\t\t\t\t<div class=\"elementor-widget-container\">\n\t\t\t\t\t\t\t<div class=\"elementor-spacer\">\n\t\t\t<div class=\"elementor-spacer-inner\"><\/div>\n\t\t<\/div>\n\t\t\t\t\t\t<\/div>\n\t\t\t\t<\/div>\n\t\t\t\t<div class=\"elementor-element elementor-element-a3e1445 elementor-widget elementor-widget-heading\" data-id=\"a3e1445\" data-element_type=\"widget\" data-widget_type=\"heading.default\">\n\t\t\t\t<div class=\"elementor-widget-container\">\n\t\t\t\t\t<h2 class=\"elementor-heading-title elementor-size-default\">Impressum <\/h2>\t\t\t\t<\/div>\n\t\t\t\t<\/div>\n\t\t\t\t<div class=\"elementor-element elementor-element-bd8cac2 elementor-widget elementor-widget-spacer\" data-id=\"bd8cac2\" data-element_type=\"widget\" data-widget_type=\"spacer.default\">\n\t\t\t\t<div class=\"elementor-widget-container\">\n\t\t\t\t\t\t\t<div class=\"elementor-spacer\">\n\t\t\t<div class=\"elementor-spacer-inner\"><\/div>\n\t\t<\/div>\n\t\t\t\t\t\t<\/div>\n\t\t\t\t<\/div>\n\t\t\t\t\t<\/div>\n\t\t\t\t<\/div>\n\t\t<div class=\"elementor-element elementor-element-d66e4b2 e-flex e-con-boxed e-con e-parent\" data-id=\"d66e4b2\" data-element_type=\"container\">\n\t\t\t\t\t<div class=\"e-con-inner\">\n\t\t\t\t<div class=\"elementor-element elementor-element-9009aa3 elementor-widget elementor-widget-text-editor\" data-id=\"9009aa3\" data-element_type=\"widget\" data-widget_type=\"text-editor.default\">\n\t\t\t\t<div class=\"elementor-widget-container\">\n\t\t\t\t\t\t\t\t\t<p>Angaben gem\u00e4\u00df \u00a7 5 TMG:<\/p><p>Rohse Verm\u00f6gensmanagement GmbH, Neuer Wall 80, 20354 Hamburg<\/p><h2 class=\"fusion-responsive-typography-calculated\" data-fontsize=\"30\" data-lineheight=\"30px\">Vertreten durch:<\/h2><p>Herrn Uwe H. Gustav Rohse<\/p><h2 class=\"fusion-responsive-typography-calculated\" data-fontsize=\"30\" data-lineheight=\"30px\">Kontakt:<\/h2><p>Telefon: +49 40 6488 2104<br \/>Telefax: +49 40 6488 2185<br \/>E-Mail: post[at]rohse-vm[Punkt]de<\/p><h2 class=\"fusion-responsive-typography-calculated\" data-fontsize=\"30\" data-lineheight=\"30px\">Registereintrag:<\/h2><p>Eintragung im Handelsregister. Registergericht: Amtsgericht Hamburg, Registernummer: B 114342<br \/>Umsatzsteuer-Identifikationsnummer gem\u00e4\u00df \u00a727 a Umsatzsteuergesetz: DE272246879<br \/>Berufsbezeichnung: Wertpapierinstitut gem\u00e4\u00df \u00a7 15 Wertpapierinstitutsgesetz<br \/>Es gelten folgende berufsrechtliche Regelungen: Regelungen einsehbar unter:\u00a0<a title=\"http:\/\/www.bafin.de\" href=\"http:\/\/www.bafin.de\/\" target=\"_blank\" rel=\"noopener\">http:\/\/www.bafin.de<\/a><br \/>BaFin-Nr. 123480<\/p><h2 class=\"fusion-responsive-typography-calculated\" data-fontsize=\"30\" data-lineheight=\"30px\">Mitwirkungspolitik gem\u00e4\u00df \u00a7 134b AktG<\/h2><p>Die Rohse Verm\u00f6gensmanagement GmbH \u2013 nachstehend \u201eInstitut\u201c genannt \u2013 unterf\u00e4llt der Begriffsbestimmung nach als Verm\u00f6gensverwalter i.S.d. \u00a7 134a Abs. 1 Nr. 2 AktG den Vorschriften der \u00a7\u00a7 134b und 134c AktG und hat daher ihre Mitwirkungspolitik im Sinne des \u00a7 134b Abs. 1 AktG zu beschreiben und zu ver\u00f6ffentlichen. Das Institut nimmt keine Aktion\u00e4rsrechte seiner Kunden wahr. Es werden keine Hauptversammlungen besucht, keine Stimmrechte f\u00fcr Kunden ausge\u00fcbt, Mitteilungen von Aktiengesellschaften nur im Rahmen von Pflichtmitteilungen zur Kenntnis genommen und weder mit der Gesellschaft noch mit anderen Aktion\u00e4ren aktiv kommuniziert. Daher wurde die Mitwirkungspolitik wie folgt festgelegt:<\/p><p>Das Institut \u00fcbt keine Aktion\u00e4rsrechte i.S.d. \u00a7 134b Abs. 1 Nr. 1 AktG aus, die auf einer Mitwirkung in der Gesellschaft basieren. Insbesondere werden keine in Bezug auf die Hauptversammlungen von Aktiengesellschaften bezogenen Rechte wahrgenommen. Das Recht auf einen Gewinnanteil i.S.d. \u00a7\u00a7 60ff. AktG sowie auf Bezugsrechte wird in R\u00fccksprache mit den Kunden wahrgenommen.<\/p><p>Die \u00dcberwachung wichtiger Angelegenheiten der Gesellschaften i.S.d. \u00a7 134b Abs. 1 Nr. 2 AktG erfolgt durch Kenntnisnahme der gesetzlich angeordneten Berichterstattung der Gesellschaften in Finanzberichten sowie Adhoc-Mitteilungen.<\/p><p>Ein Meinungsaustausch mit Gesellschaftsorganen und\/oder Interessentr\u00e4gern der Gesellschaft i.S.d. \u00a7 134b Abs. 1 Nr. 3 AktG findet nicht statt.<\/p><p>Eine Zusammenarbeit mit anderen Aktion\u00e4ren i.S.d. \u00a7 134b Abs. 1 Nr. 4 AktG findet nicht statt.<\/p><p>Beim Auftreten von Interessenkonflikten i.S.d. \u00a7 134b Abs. 1 Nr. 5 AktG werden diese gegen\u00fcber den Betroffenen entsprechend den gesetzlichen Bestimmungen offengelegt und das weitere Vorgehen mit den Betroffenen abgekl\u00e4rt.<\/p><p>Die j\u00e4hrliche Berichterstattung \u00fcber die Umsetzung der Mitwirkungspolitik i.S.d. \u00a7 134b Abs. 2 AktG unterbleibt, da keine entsprechende Rechtewahrnehmung erfolgt.<\/p><p>Die Ver\u00f6ffentlichung des Abstimmungsverhaltens i.S.d. \u00a7 134b Abs. 3 AktG unterbleibt, da keine Teilnahme an Abstimmungen erfolgt.<\/p><h2 class=\"fusion-responsive-typography-calculated\" data-fontsize=\"30\" data-lineheight=\"30px\">Erkl\u00e4rung hinsichtlich der Auswirkungen\u00a0von\u00a0Nachhaltigkeitsfaktoren<br \/>(Art. 4 Offen\u00adlegungsVO)<\/h2><p>Unserer Verpflichtung gem\u00e4\u00df Art. 4 Abs. 1 a Abs. 2 OffenlegungsVO bzw. Art. 4 Abs. 5 a OffenlegungsVO kommen wir wie folgt nach: In den Belangen unserer Unternehmensf\u00fchrung spielen die 17 nachhaltigen Entwicklungsziele der Vereinten Nationen eine wichtige Rolle. Unternehmerische Entscheidungen versuchen wir im Einklang mit diesen sinnvollen Zielen zu treffen.<\/p><p>Investitionsentscheidungen am Kapitalmarkt sind sehr schwierig mit diesen vielschichtigen Zielen zu harmonisieren. Die Komplexit\u00e4t der m\u00f6glichen Investitionen, der Unternehmen und der Datensachlage am Finanzmarkt macht dieses Vorhaben unseres Erachtens unm\u00f6glich. Eine klare und eindeutige Positionierung misslingt daher. Grunds\u00e4tzlich werden wir versuchen Anlageentscheidungen so zu treffen, dass ESG Kriterien nicht verletzt werden, sofern dieses offensichtlich zu sein scheint. Die rechtlichen Vorgaben jedoch sind aktuell derart unpr\u00e4zise, dass eine konkrete Aussage zu einer ESG-konformen Depotverwaltung unterbleiben muss. Wie sich beispielsweise die Durchf\u00fchrung einer Anlageentscheidung auf einen Nachhaltigkeitsfaktor auswirkt ist unseres Erachtens empirisch kaum \u00fcberpr\u00fcfbar. Wir warten daher auf praxistaugliche Vorgaben und werden diese Erkl\u00e4rung zu gegebener Zeit aktualisieren.<\/p><h2 class=\"fusion-responsive-typography-calculated\" data-fontsize=\"30\" data-lineheight=\"30px\">Ma\u00dfnahmen zur Auftragsausf\u00fchrung im bestm\u00f6glichen Interesse des Kunden gem\u00e4\u00df Artikel 65 der Delegierten Verordnung<\/h2><p>Als Verm\u00f6gensverwalter sehen wir es als unsere Pflicht im bestm\u00f6glichen Interesse unserer Kunden zu handeln. Wir \u00fcbermitteln unseren Kunden sachgerechte Informationen \u00fcber unser Unternehmen und unsere Dienstleistungen ebenso wie die Informationen \u00fcber die ausgew\u00e4hlten Depotbanken. Damit gelten grunds\u00e4tzlich die Vertragsbedingungen dieser Banken. Andere als die jeweils vereinbarten Depotbanken werden von uns nicht f\u00fcr die Ausf\u00fchrung von Auftr\u00e4gen ausgew\u00e4hlt. Es bestehen keine Interessenkonflikte hinsichtlich der Auswahl der Depotbanken, da unser Institut keinerlei Verg\u00fctungen von diesen annimmt.<\/p><p>Mit der Ausf\u00fchrung von Auftr\u00e4gen beauftragen wir ausschlie\u00dflich die von unseren Kunden jeweils ausgew\u00e4hlte Depotbank, die das Wertpapierdepot f\u00fchrt. Bei der Platzierung bzw. Weiterleitung eines Auftrages folgen wir damit ausdr\u00fccklich den speziellen Weisungen des Kunden. Unsere Kunden sind als Privatkunden eingestuft. In der Beurteilung der Qualit\u00e4t der Ausf\u00fchrungspraxis der von uns am meisten genutzten Handelspl\u00e4tze stellen wir keine Beanstandungen fest. F\u00fcr das Berichtsjahr ergeben sich in den von uns gehandelten Finanzinstrumenten Aktien und Anleihen folgende Aufteilung auf die wichtigsten Handelspl\u00e4tze:<\/p><h3 class=\"fusion-responsive-typography-calculated\" data-fontsize=\"32\" data-lineheight=\"48px\">Berichtsjahr 2024: Finanzinstrumente und Ausf\u00fchrungspl\u00e4tze<\/h3><table border=\"\"><tbody><tr><td width=\"300\"><strong>Fonds<\/strong><\/td><td width=\"300\">\u00a0<\/td><td width=\"300\">\u00a0<\/td><td width=\"300\"><strong>Discountzertifikate<\/strong><\/td><td width=\"300\">\u00a0<\/td><\/tr><tr><td>Handelspl\u00e4tze<\/td><td>Prozent vom Gesamtvolumen<\/td><td>\u00a0<\/td><td>Handelspl\u00e4tze<\/td><td>Prozent vom Gesamtvolumen<\/td><\/tr><tr><td>KAG<\/td><td>100%<\/td><td>\u00a0<\/td><td>Au\u00dferb\u00f6rslich<\/td><td>60%<\/td><\/tr><tr><td>\u00a0<\/td><td>\u00a0<\/td><td>\u00a0<\/td><td>B\u00f6rse Stuttgart<\/td><td>20%<\/td><\/tr><tr><td>\u00a0<\/td><td>\u00a0<\/td><td>\u00a0<\/td><td>B\u00f6rse Frankfurt<\/td><td>20%<\/td><\/tr><tr><td><strong>Aktien<\/strong><\/td><td>\u00a0<\/td><td>\u00a0<\/td><td><strong>ETFs<\/strong><\/td><td>\u00a0<\/td><\/tr><tr><td>Xetra<\/td><td>50%<\/td><td>\u00a0<\/td><td>Au\u00dferb\u00f6rslich<\/td><td>60%<\/td><\/tr><tr><td>Lang &amp; Schwarz<\/td><td>40%<\/td><td>\u00a0<\/td><td>Xetra<\/td><td>30%<\/td><\/tr><\/tbody><\/table><h2 class=\"fusion-responsive-typography-calculated\" data-fontsize=\"30\" data-lineheight=\"30px\">\u00a0<\/h2><p>Quelle:\u00a0<em>Impressum generiert mit dem\u00a0<a href=\"http:\/\/www.e-recht24.de\/impressum-generator.html\" target=\"_blank\" rel=\"noopener\">Impressum Generator<\/a>\u00a0von e-recht24.de<\/em><\/p><h2 class=\"fusion-responsive-typography-calculated\" data-fontsize=\"30\" data-lineheight=\"30px\">Haftungsausschluss:<\/h2><p><strong>Haftung f\u00fcr Inhalte<\/strong><\/p><p>Die Inhalte unserer Seiten wurden mit gr\u00f6\u00dfter Sorgfalt erstellt. F\u00fcr die Richtigkeit, Vollst\u00e4ndigkeit und Aktualit\u00e4t der Inhalte k\u00f6nnen wir jedoch keine Gew\u00e4hr \u00fcbernehmen. Als Diensteanbieter sind wir gem\u00e4\u00df \u00a7 7 Abs.1 TMG f\u00fcr eigene Inhalte auf diesen Seiten nach den allgemeinen Gesetzen verantwortlich. Nach \u00a7\u00a7 8 bis 10 TMG sind wir als Diensteanbieter jedoch nicht verpflichtet, \u00fcbermittelte oder gespeicherte fremde Informationen zu \u00fcberwachen oder nach Umst\u00e4nden zu forschen, die auf eine rechtswidrige T\u00e4tigkeit hinweisen. Verpflichtungen zur Entfernung oder Sperrung der Nutzung von Informationen nach den allgemeinen Gesetzen bleiben hiervon unber\u00fchrt. Eine diesbez\u00fcgliche Haftung ist jedoch erst ab dem Zeitpunkt der Kenntnis einer konkreten Rechtsverletzung m\u00f6glich. Bei Bekanntwerden von entsprechenden Rechtsverletzungen werden wir diese Inhalte umgehend entfernen.<\/p><p><strong>Haftung f\u00fcr Links<\/strong><\/p><p>Unser Angebot enth\u00e4lt Links zu externen Webseiten Dritter, auf deren Inhalte wir keinen Einfluss haben. Deshalb k\u00f6nnen wir f\u00fcr diese fremden Inhalte auch keine Gew\u00e4hr \u00fcbernehmen. F\u00fcr die Inhalte der verlinkten Seiten ist stets der jeweilige Anbieter oder Betreiber der Seiten verantwortlich. Die verlinkten Seiten wurden zum Zeitpunkt der Verlinkung auf m\u00f6gliche Rechtsverst\u00f6\u00dfe \u00fcberpr\u00fcft. Rechtswidrige Inhalte waren zum Zeitpunkt der Verlinkung nicht erkennbar. Eine permanente inhaltliche Kontrolle der verlinkten Seiten ist jedoch ohne konkrete Anhaltspunkte einer Rechtsverletzung nicht zumutbar. Bei Bekanntwerden von Rechtsverletzungen werden wir derartige Links umgehend entfernen.<\/p><p><strong>Urheberrecht<\/strong><\/p><p>Die durch die Seitenbetreiber erstellten Inhalte und Werke auf diesen Seiten unterliegen dem deutschen Urheberrecht. Die Vervielf\u00e4ltigung, Bearbeitung, Verbreitung und jede Art der Verwertung au\u00dferhalb der Grenzen des Urheberrechtes bed\u00fcrfen der schriftlichen Zustimmung des jeweiligen Autors bzw. Erstellers. Downloads und Kopien dieser Seite sind nur f\u00fcr den privaten, nicht kommerziellen Gebrauch gestattet. Soweit die Inhalte auf dieser Seite nicht vom Betreiber erstellt wurden, werden die Urheberrechte Dritter beachtet. Insbesondere werden Inhalte Dritter als solche gekennzeichnet. Sollten Sie trotzdem auf eine Urheberrechtsverletzung aufmerksam werden, bitten wir um einen entsprechenden Hinweis. Bei Bekanntwerden von Rechtsverletzungen werden wir derartige Inhalte umgehend entfernen.<\/p><p>Einige Bilder wurden \u00fcber iStockphoto.com lizensiert: \u00a9iStockphoto.com\/mipan\/peepo\/Nikada<\/p><p><em>Quellenangaben:\u00a0<a href=\"http:\/\/www.e-recht24.de\/muster-disclaimer.htm\" target=\"_blank\" rel=\"noopener\">eRecht24 Disclaimer<\/a><\/em><\/p>\t\t\t\t\t\t\t\t<\/div>\n\t\t\t\t<\/div>\n\t\t\t\t\t<\/div>\n\t\t\t\t<\/div>\n\t\t\t\t<\/div>\n\t\t","protected":false},"excerpt":{"rendered":"<p>Impressum Angaben gem\u00e4\u00df \u00a7 5 TMG: Rohse Verm\u00f6gensmanagement GmbH, Neuer Wall 80, 20354 Hamburg Vertreten durch: Herrn Uwe H. Gustav Rohse Kontakt: Telefon: +49 40 6488 2104Telefax: +49 40 6488 2185E-Mail: post[at]rohse-vm[Punkt]de Registereintrag: Eintragung im Handelsregister. Registergericht: Amtsgericht Hamburg, Registernummer: B 114342Umsatzsteuer-Identifikationsnummer gem\u00e4\u00df \u00a727 a Umsatzsteuergesetz: DE272246879Berufsbezeichnung: Wertpapierinstitut gem\u00e4\u00df \u00a7 15 WertpapierinstitutsgesetzEs gelten folgende berufsrechtliche [&hellip;]<\/p>\n","protected":false},"author":1,"featured_media":0,"parent":0,"menu_order":0,"comment_status":"closed","ping_status":"closed","template":"","meta":{"footnotes":""},"class_list":["post-347","page","type-page","status-publish","hentry"],"yoast_head":"<!-- This site is optimized with the Yoast SEO plugin v24.7 - https:\/\/yoast.com\/wordpress\/plugins\/seo\/ -->\n<title>Impressum - Rohse Verm\u00f6gensmanagement GmbH<\/title>\n<meta name=\"robots\" content=\"index, follow, max-snippet:-1, max-image-preview:large, max-video-preview:-1\" \/>\n<link rel=\"canonical\" href=\"https:\/\/dev.rohse-vm.de\/?page_id=347\" \/>\n<meta property=\"og:locale\" content=\"de_DE\" \/>\n<meta property=\"og:type\" content=\"article\" \/>\n<meta property=\"og:title\" content=\"Impressum - Rohse Verm\u00f6gensmanagement GmbH\" \/>\n<meta property=\"og:description\" content=\"Impressum Angaben gem\u00e4\u00df \u00a7 5 TMG: Rohse Verm\u00f6gensmanagement GmbH, Neuer Wall 80, 20354 Hamburg Vertreten durch: Herrn Uwe H. Gustav Rohse Kontakt: Telefon: +49 40 6488 2104Telefax: +49 40 6488 2185E-Mail: post[at]rohse-vm[Punkt]de Registereintrag: Eintragung im Handelsregister. Registergericht: Amtsgericht Hamburg, Registernummer: B 114342Umsatzsteuer-Identifikationsnummer gem\u00e4\u00df \u00a727 a Umsatzsteuergesetz: DE272246879Berufsbezeichnung: Wertpapierinstitut gem\u00e4\u00df \u00a7 15 WertpapierinstitutsgesetzEs gelten folgende berufsrechtliche [&hellip;]\" \/>\n<meta property=\"og:url\" content=\"https:\/\/dev.rohse-vm.de\/?page_id=347\" \/>\n<meta property=\"og:site_name\" content=\"Rohse Verm\u00f6gensmanagement GmbH\" \/>\n<meta property=\"article:modified_time\" content=\"2025-01-08T13:07:55+00:00\" \/>\n<meta name=\"twitter:card\" content=\"summary_large_image\" \/>\n<meta name=\"twitter:label1\" content=\"Gesch\u00e4tzte Lesezeit\" \/>\n\t<meta name=\"twitter:data1\" content=\"6\u00a0Minuten\" \/>\n<script type=\"application\/ld+json\" class=\"yoast-schema-graph\">{\"@context\":\"https:\/\/schema.org\",\"@graph\":[{\"@type\":\"WebPage\",\"@id\":\"https:\/\/dev.rohse-vm.de\/?page_id=347\",\"url\":\"https:\/\/dev.rohse-vm.de\/?page_id=347\",\"name\":\"Impressum - Rohse Verm\u00f6gensmanagement GmbH\",\"isPartOf\":{\"@id\":\"https:\/\/dev.rohse-vm.de\/#website\"},\"datePublished\":\"2024-01-29T20:15:25+00:00\",\"dateModified\":\"2025-01-08T13:07:55+00:00\",\"breadcrumb\":{\"@id\":\"https:\/\/dev.rohse-vm.de\/?page_id=347#breadcrumb\"},\"inLanguage\":\"de\",\"potentialAction\":[{\"@type\":\"ReadAction\",\"target\":[\"https:\/\/dev.rohse-vm.de\/?page_id=347\"]}]},{\"@type\":\"BreadcrumbList\",\"@id\":\"https:\/\/dev.rohse-vm.de\/?page_id=347#breadcrumb\",\"itemListElement\":[{\"@type\":\"ListItem\",\"position\":1,\"name\":\"Startseite\",\"item\":\"https:\/\/dev.rohse-vm.de\/\"},{\"@type\":\"ListItem\",\"position\":2,\"name\":\"Impressum\"}]},{\"@type\":\"WebSite\",\"@id\":\"https:\/\/dev.rohse-vm.de\/#website\",\"url\":\"https:\/\/dev.rohse-vm.de\/\",\"name\":\"Rohse Verm\u00f6gensmanagement GmbH\",\"description\":\"\",\"publisher\":{\"@id\":\"https:\/\/dev.rohse-vm.de\/#organization\"},\"potentialAction\":[{\"@type\":\"SearchAction\",\"target\":{\"@type\":\"EntryPoint\",\"urlTemplate\":\"https:\/\/dev.rohse-vm.de\/?s={search_term_string}\"},\"query-input\":{\"@type\":\"PropertyValueSpecification\",\"valueRequired\":true,\"valueName\":\"search_term_string\"}}],\"inLanguage\":\"de\"},{\"@type\":\"Organization\",\"@id\":\"https:\/\/dev.rohse-vm.de\/#organization\",\"name\":\"Rohse Verm\u00f6gensmanagement GmbH\",\"url\":\"https:\/\/dev.rohse-vm.de\/\",\"logo\":{\"@type\":\"ImageObject\",\"inLanguage\":\"de\",\"@id\":\"https:\/\/dev.rohse-vm.de\/#\/schema\/logo\/image\/\",\"url\":\"https:\/\/dev.rohse-vm.de\/wp-content\/uploads\/2024\/01\/logo-1.gif\",\"contentUrl\":\"https:\/\/dev.rohse-vm.de\/wp-content\/uploads\/2024\/01\/logo-1.gif\",\"width\":135,\"height\":135,\"caption\":\"Rohse Verm\u00f6gensmanagement GmbH\"},\"image\":{\"@id\":\"https:\/\/dev.rohse-vm.de\/#\/schema\/logo\/image\/\"}}]}<\/script>\n<!-- \/ Yoast SEO plugin. -->","yoast_head_json":{"title":"Impressum - Rohse Verm\u00f6gensmanagement GmbH","robots":{"index":"index","follow":"follow","max-snippet":"max-snippet:-1","max-image-preview":"max-image-preview:large","max-video-preview":"max-video-preview:-1"},"canonical":"https:\/\/dev.rohse-vm.de\/?page_id=347","og_locale":"de_DE","og_type":"article","og_title":"Impressum - Rohse Verm\u00f6gensmanagement GmbH","og_description":"Impressum Angaben gem\u00e4\u00df \u00a7 5 TMG: Rohse Verm\u00f6gensmanagement GmbH, Neuer Wall 80, 20354 Hamburg Vertreten durch: Herrn Uwe H. Gustav Rohse Kontakt: Telefon: +49 40 6488 2104Telefax: +49 40 6488 2185E-Mail: post[at]rohse-vm[Punkt]de Registereintrag: Eintragung im Handelsregister. Registergericht: Amtsgericht Hamburg, Registernummer: B 114342Umsatzsteuer-Identifikationsnummer gem\u00e4\u00df \u00a727 a Umsatzsteuergesetz: DE272246879Berufsbezeichnung: Wertpapierinstitut gem\u00e4\u00df \u00a7 15 WertpapierinstitutsgesetzEs gelten folgende berufsrechtliche [&hellip;]","og_url":"https:\/\/dev.rohse-vm.de\/?page_id=347","og_site_name":"Rohse Verm\u00f6gensmanagement GmbH","article_modified_time":"2025-01-08T13:07:55+00:00","twitter_card":"summary_large_image","twitter_misc":{"Gesch\u00e4tzte Lesezeit":"6\u00a0Minuten"},"schema":{"@context":"https:\/\/schema.org","@graph":[{"@type":"WebPage","@id":"https:\/\/dev.rohse-vm.de\/?page_id=347","url":"https:\/\/dev.rohse-vm.de\/?page_id=347","name":"Impressum - Rohse Verm\u00f6gensmanagement GmbH","isPartOf":{"@id":"https:\/\/dev.rohse-vm.de\/#website"},"datePublished":"2024-01-29T20:15:25+00:00","dateModified":"2025-01-08T13:07:55+00:00","breadcrumb":{"@id":"https:\/\/dev.rohse-vm.de\/?page_id=347#breadcrumb"},"inLanguage":"de","potentialAction":[{"@type":"ReadAction","target":["https:\/\/dev.rohse-vm.de\/?page_id=347"]}]},{"@type":"BreadcrumbList","@id":"https:\/\/dev.rohse-vm.de\/?page_id=347#breadcrumb","itemListElement":[{"@type":"ListItem","position":1,"name":"Startseite","item":"https:\/\/dev.rohse-vm.de\/"},{"@type":"ListItem","position":2,"name":"Impressum"}]},{"@type":"WebSite","@id":"https:\/\/dev.rohse-vm.de\/#website","url":"https:\/\/dev.rohse-vm.de\/","name":"Rohse Verm\u00f6gensmanagement GmbH","description":"","publisher":{"@id":"https:\/\/dev.rohse-vm.de\/#organization"},"potentialAction":[{"@type":"SearchAction","target":{"@type":"EntryPoint","urlTemplate":"https:\/\/dev.rohse-vm.de\/?s={search_term_string}"},"query-input":{"@type":"PropertyValueSpecification","valueRequired":true,"valueName":"search_term_string"}}],"inLanguage":"de"},{"@type":"Organization","@id":"https:\/\/dev.rohse-vm.de\/#organization","name":"Rohse Verm\u00f6gensmanagement GmbH","url":"https:\/\/dev.rohse-vm.de\/","logo":{"@type":"ImageObject","inLanguage":"de","@id":"https:\/\/dev.rohse-vm.de\/#\/schema\/logo\/image\/","url":"https:\/\/dev.rohse-vm.de\/wp-content\/uploads\/2024\/01\/logo-1.gif","contentUrl":"https:\/\/dev.rohse-vm.de\/wp-content\/uploads\/2024\/01\/logo-1.gif","width":135,"height":135,"caption":"Rohse Verm\u00f6gensmanagement GmbH"},"image":{"@id":"https:\/\/dev.rohse-vm.de\/#\/schema\/logo\/image\/"}}]}},"_links":{"self":[{"href":"https:\/\/dev.rohse-vm.de\/index.php?rest_route=\/wp\/v2\/pages\/347","targetHints":{"allow":["GET"]}}],"collection":[{"href":"https:\/\/dev.rohse-vm.de\/index.php?rest_route=\/wp\/v2\/pages"}],"about":[{"href":"https:\/\/dev.rohse-vm.de\/index.php?rest_route=\/wp\/v2\/types\/page"}],"author":[{"embeddable":true,"href":"https:\/\/dev.rohse-vm.de\/index.php?rest_route=\/wp\/v2\/users\/1"}],"replies":[{"embeddable":true,"href":"https:\/\/dev.rohse-vm.de\/index.php?rest_route=%2Fwp%2Fv2%2Fcomments&post=347"}],"version-history":[{"count":8,"href":"https:\/\/dev.rohse-vm.de\/index.php?rest_route=\/wp\/v2\/pages\/347\/revisions"}],"predecessor-version":[{"id":475,"href":"https:\/\/dev.rohse-vm.de\/index.php?rest_route=\/wp\/v2\/pages\/347\/revisions\/475"}],"wp:attachment":[{"href":"https:\/\/dev.rohse-vm.de\/index.php?rest_route=%2Fwp%2Fv2%2Fmedia&parent=347"}],"curies":[{"name":"wp","href":"https:\/\/api.w.org\/{rel}","templated":true}]}}